(1)?
6
Suppose -11228 = -16*g + 7327 - 6603. What is the remainder when g is divided by 53?
5
Let g(q) = q**2 + 7*q - 261. What is the remainder when g(24) is divided by 97?
95
Suppose 3 = -2*u - 3*k - 2, -4*u - 3*k + 5 = 0. Suppose 4*t - m = 77, -u*m + 2 = t - 12. Calculate the remainder when 108 is divided by t.
13
Suppose 5*w = 2*t + 160, -3*t - 5*w = -2*t + 110. Let f = t - -103. Calculate the remainder when 36 is divided by f.
10
Calculate the remainder when (24/16)/((-12)/(-6264)) is divided by 14.
13
Let y(z) = z**3 - 15*z**2 + 13*z + 19. Let a be y(14). Calculate the remainder when (-4)/88*-398 - a/55 is divided by (36 - 3)*(-2)/(-6).
7
Suppose -2*a - 5*k = -26, -4*a = 3*k - 27 - 11. Calculate the remainder when 13 is divided by a.
5
Suppose -3*z - 4 = 2*a - 14, -5*z = -5*a - 50. Let t be -3*1 + (2 - -8). Suppose -z*w - 31 = -t*w. What is the remainder when w is divided by 11?
9
Suppose -z = 3*x - 8*x - 60, -168 = -2*z + 2*x. Calculate the remainder when 10438 is divided by z.
88
Suppose -10*u - 1755 = -55*u. Let z = 91 - u. What is the remainder when z is divided by 28?
24
Let d = -11 + 12. Suppose 3*w = -3, 4*s = 3*s + 4*w + d. Let g(n) = -7*n - 12. What is the remainder when g(s) is divided by 5?
4
Let j be 2007/45 + (-4)/(-10) - 0. What is the remainder when 18/j + ((-1917)/15)/(-3) is divided by 4?
3
Let q(g) = g**3 + 6*g**2 - 8*g + 4. Suppose 5*f - 503 = 529 - 1012. Calculate the remainder when q(-7) is divided by f.
3
Suppose 0*k = 4*k, 3*u + 2*k = -33. Let o(f) = f**3 + 12*f**2 + 10*f + 25. What is the remainder when o(u) is divided by 19?
17
Let d = -3558 + 3611. Calculate the remainder when 93 is divided by d.
40
Let u be 38/7 - 39/91. Suppose -s + 1863 = u*k, 3 - 13 = 5*s. Calculate the remainder when k is divided by 34.
33
Suppose 3*j + 2*o = 128699, 0 = 431*j - 433*j - o + 85799. What is the remainder when j is divided by 325?
324
Suppose -i + 2*a = 3*a - 181, -a = 2*i - 365. Suppose -i - 224 = -17*s. What is the remainder when 70 is divided by s?
22
Let w be -4 + 41 + -4 + 5. Suppose 11*p - w = 9*p. What is the remainder when p is divided by 6 - (-1)/(-2)*-8?
9
Suppose 0*k + 15*k + 765 = 0. Let m = 269 + k. What is the remainder when m is divided by 55?
53
Suppose 26*w - 2946 = 15*w + 5*w. Calculate the remainder when w is divided by 160.
11
Let f = 3690 + -3621. Calculate the remainder when 265 is divided by f.
58
Calculate the remainder when 558 is divided by (26 - -8)/((48/4)/6).
14
Suppose 4*t - n + 3 - 30 = 0, -4*n + 36 = 2*t. Let d be 2 - (t - 12)*1*-1. Calculate the remainder when 7 is divided by 10/2 + -6 - (d + -2).
1
Let x(y) = y**2 - 23*y + 131. Let n be x(14). Suppose 0 = n*q + 107 - 707. What is the remainder when q is divided by 16?
8
Let d = 1224 - -1324. Suppose -62*p + 10*p + d = 0. What is the remainder when p is divided by (-2)/9 - 454/(-18)?
24
Suppose 3*n + 10 = -2*n. Let v be n + -1 + 1 - (3 + -7). Suppose 62 = v*f - 206. What is the remainder when f is divided by 27?
26
Let n(v) = -v + 295. Calculate the remainder when 825 is divided by n(22).
6
Let i = -51017 - -51031. Let g = 241 + -134. What is the remainder when g is divided by i?
9
Let g = 23 - 14. Let n = g - -29. Calculate the remainder when n is divided by (-15)/(-6)*(-24)/(-3).
18
Let t(z) = -46*z - 957. Calculate the remainder when 1130 is divided by t(-27).
275
Let u(h) be the second derivative of -h**4/4 - 13*h**3/6 + 2*h**2 + 11*h - 3. Calculate the remainder when 173 is divided by u(-4).
5
What is the remainder when ((-190509)/(-502))/(6/8) is divided by 73?
68
Suppose 2*g - 3*g + 28 = 0. Suppose -17*l - 3074 = -11047. Calculate the remainder when g is divided by ((-3)/(-18) - l/42)/(-1).
6
Suppose 28*x = 26*x + 320. Suppose 5*j + x = 315. Calculate the remainder when 116 is divided by j.
23
Let r be 3/(3713/1858 + -2). Let y = r + 3178. What is the remainder when 3/21 + (y/(-21))/(-1) is divided by 22?
19
Let g = -267 - -455. Let y = g + 37. What is the remainder when y is divided by 57?
54
Suppose -2*b + 9 = 15. Let m(n) = 2*n**2 + 4*n + 11. Calculate the remainder when 32 - (-3)/6*0 is divided by m(b).
15
Suppose -198 = 4*x + 198. Let n = x - -101. What is the remainder when 0/2 + (n - -67) is divided by 9?
6
Suppose 6*d = 63 + 45. Let p(a) = -19*a + 36 + 8*a + 2*a + 8*a. Calculate the remainder when p(11) is divided by d.
7
Let h(n) = 1651 + 0*n - 1699 - 5*n. What is the remainder when 44 is divided by h(-12)?
8
Let a = -5 - -15. Let n(o) = o**3 + 15*o**2 + o + 17. Let u be n(-15). Suppose a*y - 168 = u*y. Calculate the remainder when 82 is divided by y.
19
Let z = 713 + -677. Suppose -z*i - 806 = -3650. What is the remainder when i is divided by 9?
7
Suppose -216*g = -5*f - 215*g + 109, -26 = -f - 4*g. Calculate the remainder when 30 is divided by f.
8
Suppose -k = 5*k - 1440. Suppose -3*j - 240 = 2*t, 5*j - 8*j = t + k. Let a = -73 - j. Calculate the remainder when 10 is divided by a.
3
Suppose 0 = 2*o - 4. Suppose 2*g - 4*i - 16 = 0, 3*i = o*g - 0*i - 20. Let z = 6 + g. What is the remainder when z is divided by 13?
9
Let p(o) = 2*o**2 + 12*o + 12. Let i be p(-9). Suppose -5*u + i = -2*u. What is the remainder when u is divided by 104/40*(-35)/(-7)?
9
Let y(i) = 4*i - 4. Let z = -16 + 23. Suppose 262*k + 77 = 273*k. Calculate the remainder when y(z) is divided by k.
3
Suppose 0 = -8*b + 742 + 453 - 339. Calculate the remainder when 2032 is divided by b.
106
Suppose 3*i = 4*i + 3*k - 22, -2*i - 5*k + 39 = 0. Suppose 0 = 26*s - i*s - 1919. What is the remainder when s is divided by 32?
5
Let s = -3274 - -9574. Calculate the remainder when s is divided by 32.
28
What is the remainder when (-72)/(-27) + 21/((-378)/(-2112)) is divided by 21?
15
Let l = 2729 - 1915. Calculate the remainder when l is divided by 3.
1
Let d be 1*0*(1 - 2). Suppose d*p = -2*p + 20. Let c = -2294356 - -2294364. Calculate the remainder when p is divided by c.
2
Suppose 140 = 5*p + 5*r, p = -3*r - r + 28. Suppose -3*l = 3, 2*t + t - l + 827 = 0. Let v = -196 - t. What is the remainder when v is divided by p?
24
Let b = -52 - -52. Suppose 4*d - 5*g - 8 = b, 5*g = -3*d + g + 6. Let z = 13 + d. What is the remainder when 42 is divided by z?
12
Let s be (-20 + 5)/(-1 - (-17)/20). Suppose 0 = -106*v + 101*v + 240. Let u = s - v. What is the remainder when u is divided by 16?
4
Suppose -52*k = 2*n - 50*k - 226, -3*n + 5*k = -299. Calculate the remainder when 419 is divided by n.
95
Let p(t) = -t**2 + 21*t + 96. Calculate the remainder when 932 is divided by p(24).
20
Suppose -3365 = -24*k - 189*k + 16444. What is the remainder when 438 is divided by k?
66
Suppose 0 = 2*k + 5*m - 8, -m = 4*k + m. Let h be (-1 - k - -4) + 73. What is the remainder when 735/11 + 14/h is divided by 23?
21
Suppose 5*f - 1196 = -g, -3*f - 2046*g + 732 = -2043*g. Calculate the remainder when f is divided by 120.
118
Suppose 2*p + 2778 = w, 0 = 2*w - p - 1141 - 4406. What is the remainder when w is divided by 19?
17
Let p be 6/((-84)/7)*2*15. What is the remainder when (-22)/(-1) + p + 21 is divided by 12?
4
Let o = 0 - -1. Suppose -68*p = 214 - 282. Calculate the remainder when o is divided by p.
0
Let i(j) = 3*j**2 - 159*j - 2857. What is the remainder when i(-19) is divided by 56?
15
Let w(q) = 3*q**2 - 248*q + 6903. What is the remainder when w(30) is divided by 14?
7
Suppose 104 = 5*z + 2*b, -2*z + b = -z - 18. What is the remainder when 26 is divided by (-4)/z - 1/(5/(-46))?
8
Suppose 3*q = -3*g + 5*q + 3, 2*q + 6 = 0. Let h = -3569 - -3598. Calculate the remainder when h is divided by ((-4)/g - -3) + 3.
9
Suppose -38*q - 1406 = -27170. Calculate the remainder when 2043 is divided by q.
9
Suppose 12*n - 7*n - 215 = 0. Suppose -2*s = -4*s. Let k = s - -11. What is the remainder when n is divided by k?
10
Suppose 0 = -5*h - 2*i + 341, -3*h + 205 = -2*i + 3*i. Let o = 727 + -453. Calculate the remainder when o is divided by h.
67
Let w(j) = -6 + 25 - j - 1. Calculate the remainder when 34 is divided by w(10).
2
Suppose -43 = 4*v - 51, 2*x + v - 7470 = 0. Calculate the remainder when x is divided by 89.
85
Let o be ((-7)/(-6))/((315/(-54))/(-35)). Suppose 0 = -o*j + 401 - 100. What is the remainder when 773 is divided by j?
42
Let h = -300 + 443. What is the remainder when h is div